t common factor of 2552 and 41296.
232
Calculate the greatest common divisor of 167401 and 13351.
1027
What is the greatest common divisor of 272923 and 508?
127
Calculate the greatest common factor of 1343 and 7505.
79
What is the greatest common divisor of 80 and 51610?
10
Calculate the greatest common divisor of 5112 and 1296.
72
Calculate the greatest common factor of 2008 and 21511704.
2008
Calculate the highest common factor of 2067 and 8528.
13
What is the greatest common factor of 13 and 2938?
13
Calculate the highest common factor of 1436169 and 21.
21
Calculate the highest common divisor of 9888 and 608.
32
What is the highest common factor of 159 and 6210222?
159
Calculate the greatest common factor of 48 and 68568.
24
What is the highest common divisor of 174 and 1798?
58
What is the highest common divisor of 234286 and 3146?
26
Calculate the highest common factor of 7923 and 12093.
417
What is the highest common divisor of 504 and 309512?
56
Calculate the highest common divisor of 14 and 24045.
7
Calculate the greatest common divisor of 852 and 27193.
71
What is the highest common divisor of 240 and 37665?
15
What is the greatest common divisor of 7913 and 451?
41
What is the greatest common divisor of 2336865 and 3735?
1245
What is the greatest common divisor of 57783 and 400979?
1751
Calculate the greatest common factor of 149528 and 40.
8
Calculate the greatest common divisor of 11 and 27010467.
11
Calculate the greatest common factor of 16416 and 35712.
288
What is the highest common divisor of 44 and 67496?
44
Calculate the greatest common factor of 1656 and 12348.
36
What is the highest common factor of 104127 and 122?
61
Calculate the highest common factor of 302 and 2123966.
302
What is the highest common divisor of 56120 and 1840?
920
Calculate the greatest common factor of 11178 and 1035.
207
What is the highest common factor of 72 and 41824?
8
Calculate the greatest common factor of 93767 and 5043.
41
Calculate the greatest common factor of 247374 and 486.
486
What is the greatest common divisor of 21855 and 775?
155
Calculate the greatest common factor of 2516615 and 235.
235
Calculate the highest common divisor of 14916 and 2736.
12
Calculate the greatest common factor of 8 and 1046200.
8
What is the highest common factor of 13541 and 5467?
11
What is the greatest common divisor of 124085 and 26?
13
Calculate the highest common divisor of 879 and 3.
3
What is the highest common factor of 81 and 39717?
27
Calculate the highest common divisor of 295 and 293112.
59
Calculate the highest common factor of 152 and 355338.
38
Calculate the greatest common factor of 64778 and 147.
49
What is the highest common factor of 92 and 30812?
4
What is the greatest common divisor of 34 and 84541?
17
Calculate the greatest common divisor of 36 and 2238852.
12
Calculate the greatest common divisor of 28241 and 31.
31
Calculate the greatest common factor of 813995 and 182.
91
Calculate the highest common factor of 1531445 and 17.
17
What is the greatest common divisor of 3024075 and 1322?
661
Calculate the highest common divisor of 437 and 5643.
19
What is the greatest common factor of 551 and 304?
19
What is the highest common divisor of 14 and 88438?
14
What is the highest common divisor of 3664 and 2233666?
458
Calculate the highest common factor of 20193 and 2544.
159
What is the greatest common divisor of 6776 and 2662?
242
Calculate the highest common factor of 45 and 22437.
9
What is the highest common divisor of 135 and 7225?
5
What is the greatest common factor of 4324 and 109894?
46
What is the greatest common factor of 255 and 357595?
85
What is the highest common divisor of 102 and 599284?
34
What is the greatest common divisor of 131120 and 365497?
1639
Calculate the greatest common factor of 1248 and 61984.
416
What is the greatest common divisor of 508047 and 5373?
597
Calculate the greatest common factor of 7663 and 21631.
97
Calculate the greatest common factor of 459311 and 842.
421
Calculate the greatest common factor of 26208 and 1911.
273
Calculate the greatest common divisor of 7007 and 16159.
143
Calculate the highest common divisor of 265 and 8480.
265
What is the highest common factor of 135300 and 123?
123
Calculate the greatest common factor of 1248022 and 5882.
346
What is the highest common factor of 57174 and 78?
78
What is the highest common divisor of 607 and 230053?
607
What is the highest common factor of 82253 and 991?
991
What is the greatest common factor of 1045758 and 24?
6
What is the greatest common divisor of 12 and 4962?
6
What is the highest common factor of 112998 and 11544?
222
Calculate the greatest common divisor of 221 and 113900.
17
What is the greatest common divisor of 13055 and 1085?
35
What is the greatest common divisor of 50028 and 264?
132
Calculate the highest common factor of 2800 and 133200.
400
What is the highest common divisor of 126 and 257355?
63
What is the highest common factor of 3200 and 2656?
32
What is the highest common divisor of 1098 and 34953?
183
Calculate the highest common divisor of 7291470 and 5202.
1734
Calculate the highest common factor of 11459 and 7.
7
What is the greatest common divisor of 28 and 1591464?
28
What is the greatest common factor of 16739 and 15713?
19
What is the greatest common divisor of 527 and 197656?
31
Calculate the greatest common divisor of 2860 and 35360.
260
Calculate the greatest common factor of 12032 and 2592.
32
What is the highest common factor of 3 and 41805?
3
What is the highest common factor of 9568 and 56580?
92
Calculate the highest common factor of 408 and 254796.
204
What is the highest common factor of 642 and 79501?
107
Calculate the highest common divisor of 15 and 9972.
3
What is the greatest common factor of 70280 and 2240?
280
Calculate the greatest common factor of 4147 and 2639.
377
What is the highest common divisor of 1463465 and 5?
5
What is the greatest common divisor of 39 and 260715?
39
Calculate the highest common factor of 2664 and 14319.
333
Calculate the highest common divisor of 923 and 7815041.
923
What is the highest common factor of 1414 and 56?
14
Calculate the greatest common factor of 127 and 1095629.
127
What is the greatest common factor of 875 and 1130750?
125
Calculate the greatest common divisor of 291495 and 75.
15
What is the greatest common divisor of 155187 and 2807?
401
What is the greatest common factor of 364 and 62426?
182
What is the greatest common divisor of 1812 and 764060?
604
What is the highest common divisor of 1392 and 6000?
48
Calculate the highest common divisor of 8497424 and 208.
208
What is the highest common factor of 1095 and 345?
15
Calculate the greatest common factor of 1323250 and 938.
134
Calculate the highest common factor of 718 and 10411.
359
What is the highest common factor of 1207 and 4981?
17
Calculate the highest common divisor of 1248 and 4024.
8
Calculate the highest common divisor of 51 and 825316.
17
What is the greatest common divisor of 41280 and 48320?
320
What is the greatest common factor of 128010 and 85?
85
Calculate the greatest common factor of 424 and 277243.
53
Calculate the greatest common divisor of 29056 and 2951.
227
What is the greatest common factor of 438 and 318864?
438
Calculate the greatest common factor of 2094 and 3917874.
2094
Calculate the greatest common divisor of 5712 and 1884.
12
Calculate the highest common factor of 106182 and 510.
102
What is the highest common divisor of 2476149 and 1557?
519
Calculate the highest common divisor of 209547 and 3.
3
What is the greatest common factor of 17287 and 2637?
293
Calculate the highest common divisor of 255162 and 138.
138
What is the greatest common factor of 71376 and 48?
48
What is the highest common divisor of 471292 and 1888?
236
Calculate the greatest common divisor of 252 and 70938.
126
What is the highest common divisor of 48159 and 18?
9
What is the greatest common factor of 561 and 5511?
33
What is the greatest common divisor of 390 and 2680?
10
Calculate the greatest common factor of 7551 and 891.
9
What is the highest common divisor of 11536 and 1120?
112
What is the greatest common factor of 561355 and 19?
19
What is the highest common factor of 2412 and 81